73
Calculate 41 - ((0 - -9) + (-9 - -20)).
21
Evaluate (-9 - (-31 + 22 + -2)) + (0 - 29).
-27
Calculate (-33 - -4) + 31 + 26.
28
What is -14 - (-3 + 57 + -27 + -175 + 1 + -2)?
135
What is the value of (-2 + 0 + -2 + -10 - 44) + -5?
-63
What is 4 + 5 + 165 + -129?
45
(227 - 105) + (15 - 242)
-105
Calculate (-11 - (-41 + 6)) + (-100 - 9).
-85
3 + (0 - ((2 - -5) + -92 + 109))
-21
Calculate -5 - (16 + 0 - (-3 + -27 - -25)).
-26
What is the value of 75 + (-2 + (16 + 6 - 14) - 5)?
76
What is 69 + (-1 + 3 - 3) + (10905 - 10899)?
74
What is the value of (-35 - (17 - (14 - 10) - 31)) + 77?
60
What is 15 - (28 + 18 + 8 + -47)?
8
What is the value of (-20 - -28 - (-4 - -4)) + (-69 - 6)?
-67
What is the value of (29 - 25) + -1 + -6 - (14 + 17)?
-34
What is 0 + 14 - (-3 + -16 - (-29 + 25))?
29
Calculate -10 + (6 - 2 - (254 + -311)).
51
Evaluate (-463 - -488) + 1 + -63.
-37
What is 32 - (-94 + 157) - (29 + -1)?
-59
Evaluate -33 - (-153 - ((-21 - -20) + -23)).
96
(-6 + 1 - -1) + -23
-27
What is 5 - -43 - (-119 - -182)?
-15
Evaluate 22 + -93 + 48 - ((-4 - (-7 - -2)) + 5).
-29
Calculate 0 + -51 - (18259 + -18340).
30
What is the value of (-4339 - -4276) + 0 + (0 - (-3 - -1))?
-61
What is (2 - (2 - -7) - (122 + -142)) + -17?
-4
What is -83 - (-84 + 16 - -91)?
-106
What is the value of (193 - 97) + 75 + -93?
78
75 + (-12 - -51) + 4 + (1 - -13)
132
What is the value of -41 + (-17 + 6 - -33) + -32?
-51
What is the value of -8 - (43 - (-16 - -24))?
-43
Evaluate 100 + -71 - (2 + -27 - -5).
49
Calculate (0 - (-2 + 16 - ((-31 - -9) + 21))) + 64.
49
Evaluate 101 + -49 - 54 - 39.
-41
Evaluate (26 - -1) + -258 + 193.
-38
What is -36 + 63 + -7 + -26 - (-2 - 39)?
35
What is 1 + -7 + 13 + -3 + (2 - 9) + -70?
-73
Evaluate 5 - 71 - (79 - 106).
-39
Calculate 411 - 398 - (-7 - (4 + -5 - 3 - -4)).
20
What is the value of -2 - -57 - (-20 - -14) - (-204 + 183)?
82
What is ((2 - -79) + (13 - -9) - 8) + 6?
101
What is the value of 27 + -50 + (-22 - (18 + -28))?
-35
Evaluate (9 - -28) + -31 + -28 + 117.
95
What is the value of -37 - (-15 - (-11 - -8)) - 11?
-36
What is 15 + -1 + (-169 - -161) + (-2 + 4 - -1)?
9
Calculate -39 - (82 - 56) - -30.
-35
-41 + 46 + -42 + -4
-41
Evaluate -50 - (29 + -27 - 63).
11
What is 26 - 14 - (52 - (-11 + 22 + 1))?
-28
What is -120 + (-78 - (-68 - 76))?
-54
Evaluate -1 + 45 - (-217 + 233).
28
Calculate (-561 + 585 - (3 - -14)) + -43.
-36
(32 - (65 + -104)) + -39
32
Calculate (-24 - -33) + -15 - (-4 + 6 + 3 - -18).
-29
(-1 + 5 - (-13 - -31)) + 31 + -21
-4
(4 - 5) + -1 + 274 + -255
17
(10 - (13 + -25 - -10 - (7 + 60))) + 6
85
Calculate (-45 - (-30 + 4)) + 43 + 22.
46
Evaluate -3929 - -3920 - (0 - -10).
-19
What is -3 - (-2 + 1 + -38 + (-44 - -27) + 11)?
42
What is -337 + (446 - 100) + 1 + -1 + -2?
7
Calculate -55 + 9 + (2 - (15 - (0 - 0))).
-59
Evaluate (21 - 61 - (-17 + -11)) + (0 - 27).
-39
Calculate (38 - 48) + 18 - 49.
-41
Calculate (-4 - 7) + -24 + 8 + -7 - 15.
-49
Calculate (9 - 46 - 0) + (0 - 14 - -2).
-49
Evaluate ((49 - 24) + -23 - -5) + -54.
-47
Evaluate 42 - (-11 + 64 - 18).
7
(5418 - 5407) + -6 + 3 + 1
9
54 + -42 - -27 - 51
-12
Evaluate 4215 + -4211 - (0 - 0 - -59).
-55
-91 + -45 + -1 + 1 + -11 + (3 - -5)
-139
Evaluate (38 - -14) + (-126 - -27).
-47
What is the value of 1 + 5 + (-82 - -93) - (-11 - -7)?
21
33 + 6 + (-3 - 4 - (5 + -4 + 2))
29
What is -6 + (5 - (8 + 3)) + (-42 - -56)?
2
Evaluate 6 + (-8 - (-2 + -1)) - (16 + -54).
39
15 + -64 - (14 + -79)
16
Calculate 67 - (38 + -70 + 60).
39
-11 + -12 + 17 + -10 - -8
-8
Evaluate 103 - (0 + (3 - (14 + -10 + -16) - 12)).
100
Evaluate -113 - 0 - (59 + (-177 - -88)).
-83
Evaluate -130 + 177 - (10 - 2).
39
4 - 4 - (-3 + (-28 - 12))
43
-9 - (13 - (-28 + -4))
-54
What is the value of 13 + 16 + (-4 - -8 - (19 - 4)) + 35?
53
What is the value of 57 - -4 - (-6 + 6) - (-182 - -186)?
57
Evaluate -31 + -117 + 91 + -76.
-133
What is the value of (1 - -5) + -6 + -14 - (76 - 90)?
0
Evaluate 17 + (35 + -15 - -2).
39
Evaluate -16 - (-10 - (-7 - 2 - 2 - -6)).
-11
What is 306 + -267 - ((19 - 20) + 17 + 1)?
22
Calculate -25 + 16 - ((9 - 5) + -4).
-9
What is 2 + 128 + -1579 + 1438?
-11
Evaluate (-1 - 0) + (-4 + 16 + -19 - -14).
6
Evaluate -68 + 41 + 6 + 70.
49
6 + -16 + 1 + 8 + 3 + 4 + 75
81
Calculate 66 - 77 - (-2 + 1 - -19) - (3 - 15).
-17
What is 36 + (0 - 12) + (-23 - (-27 + 2))?
26
Evaluate -55 - -99 - (-7 + 2 - -124).
-75
What is (1 + 2 - (-59 + 67 + -2)) + -58?
-61
What is -41 - -41 - (-1 - (4 - 6) - -72)?
-73
What is 20 - (-13 + -3 + -3 - -42)?
-3
(-37 - -46) + 10 + -8 - (-23 - (-1 - 0))
33
Evaluate 150 + 1 + (5 + -44 - -32) - 17.
127
What is -517 - -502 - (-1 + -2 - (-4 + 35))?
19
Calculate 13 - 131 - -11 - (28 + 19 - 42).
-112
Calculate -33 + (4 - 6) - (187 - 190).
-32
What is the value of -146 + 3 + (-13 - (-31 - -8)) + 4?
-129
What is 16 - (-32 - (-61 - 40))?
-53
34 + 1 + -479 + 430
-14
Evaluate 16 + (-2 + -15 - -1) + 6 + 37 + 10.
53
What is the value of -2 + -3 - (-52 + 57 + (-3 - -96 - -3))?
-106
(-2 + -3 + -3 - (97 - 96)) + 25
16
Calculate -5 - 3 - (-658 + 651).
-1
Evaluate 37 + 7 + -12 + (10 - -4 - -3).
49
What is the value of -24 + (0 - (18 - (16 - 12)) - -7)?
-31
What is the value of (20 - 15) + -6 + (-4 - -14 - -39)?
48
What is -280 + 245 - ((1 - -3) + 0 + -6 - 1)?
-32
What is the value of 19 + -16 + -25 - (-5 + 3 - 3)?
-17
Evaluate -6 - (24 - 68 - -2).
36
What is the value of -7 + (-38 - -42 - -49) + (-1 - -11)?
56
What is -24 - (-72 + 9 - -30)?
9
Evaluate -5 + 9 + -90 + -142 + 160 - (0 + 6).
-74
2 + 26 + 3 + (6 - -1) + (8 - 8)
38
What is the value of -2 - -36 - (2 - (-43 + 65))?
54
What is the value of (-4 + 1 - -1) + -5 - (-11 - (11 + -30))?
-15
What is the value of -3 - (-18 + 25 + 0 + -6 + -76)?
72
What is the value of -20 + 48 + -65 - (5 + 4)?
-46
What is (-14 - 129 - -164) + (-2 - (3 + 36))?
-20
Evaluate (5 - (42 - ((11 - 3) + -9))) + -5.
-43
What is the value of (-5 + 2 - -18) + 54 + -74?
-5
Evaluate -110 + 104 + -52 + 63.
5
What is the value of 12 + (-8 - (8 + -5 + -20))?
21
Calculate (-4 - 25) + (5 - 11) + 9 + 1 + 11.
-14
-6 + (-11 + 2 - -21) + -9
-3
What is the value of 65 + 9 - 180 - -170?
64
Evaluate 47 - (81 - (-1 + 63)).
28
What is the value of -16 - -2 - (5 - 12) - (48 - (-32 - -15))?
-72
Evaluate 728 + -721 + 2 + (6 + -8 - (-5 + 1)).
11
Evaluate (36 - -8) + -123 + 126.
47
Evaluate -91 - (-28 + -13 + -6).
-44
What is (0 + 4 + (10 + -12 - 1) - 16) + -1?
-16
-31 + 2 - (-19 + -1 + (-304 - -320) - 4)
-21
Evaluate (-82 + 5 - -22) + -4 + 21 + 8 + 1.
-29
What is the value of (320 - 305) + (-1 - 1) + (-40 - 1)?
-28
What is the value of -9 + (-10 - (-27 + -11 + 7 + 7 + 3))?
2
What is (-22 - (8 + -29)) + (-2 - 0 - (24 - -2))?
-29
Calculate (-16 - -40) + -19 + -7 + -4 + -3 + -41.
-50
(-18 - -36 - 18) + -20 + (55 - 3)
32
What is the value of (26 - 89) + 49 - (-8 + 0)?
-6
Calculate (129 - (120 - -35)) + -18.
-44
(11 - -5) + 46 + -48 - -29
43
What is the value of -7 - (-49 + -6 + -26)?
74
What is -60 - -24 - ((12 - 4) + -6 + -13)?
-25
Calculate 52 + (24 - 128 - -57).
5
Calculate 20 - 1 - ((-138 - -106) + 2).
49
What is -133 + (112 - -3) - (-38 - -2)?
18
What is 17 - (-288 + 248 + (-1 - -19))?
39
(10 + 11 - 25 - (-3 + -1)) + 12
12
Evaluate 139 + -9 + 44 + -125 + 72.
121
Evaluate -220 + 190 + 39 + -16 + (1 - 2).
-8
-18 - (7 + -20 - -26 - -8)
-39
Calculate -13 + -1 + (-1 - -67) + 1 + -5 + 14.
62
(41 - 21 - (0 - 1)) + (-1243 - -1229)
7
What is the value of 1 + (46 - 20) - 33 - ((1 - 27) + 2)?
18
What is the value of 11 - 113 - -22 - (-14 + 14)?
-80
(55 - 42) + -20 - -26
19
Calculate (-35 - (9 - -13)) + (-6 - (-2 + -21)).
-40
What is 7 + (-19 - -23) + -27 - 34?
-50
Calculate 61 + -6 + 4 - (-2 + -49 + 27).
83
What is the value of 19 + (0 - -15) + (359 - 435)?
-42
Calculate 14 + 1 - (178 - 233) - ((3 - -15) + -6).
58
What is -69 - (32 + (43 - 101))?
-43
Evaluate 1 + 2 + -18 - (7743 - 7716).
-42
Evaluate -32 - -13 - (1 - 32) - (-2 - (9 + 0)).
23
-130 + (1 - 38 - (-630 + 599))
-136
Calculate -49 + (16 - 5) + 33.
-5
Evaluate 3 + (-41 - -24) - (0 + 6 + 10).
-30
Calculate 70 + -9 + -43 - 35.
-17
What is the value of 27 - ((-37 + 36 - 9) + 21)?
16
What is the value of (0 + 0 + -3 - -36) + 37 + -47?
23
What is the value of 6 + (-3 - -11 - (78 - 34))?
-30
What is -22 + (32 - -14 - 51)?
-27
Calculate -68 - 